 is l(u)?
-12
Let n = 270 - 177. Suppose c - n + 87 = 0. Let p(r) = 3*r. What is p(c)?
18
Let v(s) = -4*s + 4. Let p(b) = 0*b - 2*b + 4*b - b. Let o(r) = -10*p(r) - 2*v(r). Give o(-7).
6
Suppose -2*y - 39 = -9. Let w = y + 8. Let g(r) = r**2 + 4*r + 1. Let l(q) = -q. Let f(x) = g(x) - 4*l(x). What is f(w)?
-6
Let n be 3/12 + 62/8. Let t(o) = -o**2 + o. Let v(a) = -5*a**2 - a + 1. Let u(s) = 6*t(s) - v(s). Determine u(n).
-9
Suppose -37*c - 13 = 24. Let b(a) = 22*a + 2. What is b(c)?
-20
Let p(g) = 12*g - 13*g - 6 - 7. Suppose 10*v = 15*v + 30. Give p(v).
-7
Let c(g) = 10*g**3 + 6*g**2 + 3*g + 1. Let u(x) = x**3 + x**2 + x. Let i(k) = -c(k) + 5*u(k). Give i(-2).
31
Let u(f) be the third derivative of 8*f**2 + 0 + 2/3*f**3 + 0*f + 5/24*f**4. What is u(-4)?
-16
Let m(a) = -a**2 - 3*a + 4. Let s be (18/21)/((-3)/(-14)). Let x = 5 - s. Suppose 0 = -5*p - 16 + x. Determine m(p).
4
Let q(v) = v**2 + 8*v - 18. Let s = -535 + 527. Give q(s).
-18
Suppose -4*r - 10 = a - 9*r, -2 = -a + r. Let z(g) = g**2 - 6*g - 2. Give z(a).
-7
Let j = -37 + 19. Let c be j/(-21)*84/18. Let i(u) = c - 3*u**2 - 5*u**2 - u**3 + 6*u + 3*u**2. What is i(-6)?
4
Let k(u) = u**3 + 6*u**2 + 6*u + 7. Let h be k(-5). Let q = 9 + -7. Let r(d) = 3 + q*d - h - 4*d. Give r(-1).
3
Let o(b) = -b - 8. Let y(d) = -d**3 + 0 - 2*d - 4 - 7*d**2 + 14 + 14*d**2. Let q be (-15)/(-2) + (-1)/2. Let x be y(q). Calculate o(x).
-4
Let b = 9 + -15. Let i = -8 - b. Let l = i - 3. Let v(g) = -g**2 - 4*g + 4. Determine v(l).
-1
Let r(o) = 1011*o - 7*o**2 - 509*o - 499*o + 5 + o**3. What is r(5)?
-30
Let w(f) = -7*f**2 - 5*f + 1. Let g(o) = 6*o**2 + 4*o - 1. Let c(u) = -6*g(u) - 5*w(u). Let p(m) = 4*m**2 - 11*m. Let y(a) = -3*c(a) - p(a). What is y(6)?
9
Let p(g) = -g - 5. Suppose -3*k = -2*h + 16, -k + 16 = 4*h - 2. Calculate p(k).
-3
Let g = 0 + 1. Let x(j) = -792*j**3 + 1 + 418*j**3 - j**2 + 388*j**3. Determine x(g).
14
Let i(j) = -j**3 + 11*j**2 - 2*j + 3. Let q = 1789 - 1778. Determine i(q).
-19
Suppose 0 = -5*f + 5*a + 25, -3*a + 2 = -1. Let k be 3/(5/(-50)*f). Let q(w) = -w**3 - 4*w**2 + 2*w - 5. Determine q(k).
10
Let c(h) = -h**2 + 2*h. Suppose -5*g + 2*o = -g + 74, 2*g + o = -47. Let v be ((-2)/(-3))/(2/g). Let k be 6*(v/(-2))/7. Determine c(k).
-3
Let v(n) = -n**2 + 5*n - 2. Let o(w) = 12*w**2 - w - 2. Let x be o(-1). Let b = x + -5. What is v(b)?
-8
Let c be 6/2 - (0 + -1). Let v(o) = -18*o**2 - 71*o + 7. Let w be v(-4). Let x(h) = -h + c - h**2 - w - 3*h**3 - 2*h**3 + 6*h**3. Calculate x(1).
0
Let l be ((-18)/12)/(2/4). Let c(k) = 4*k**2 - 12*k - 8. Let x(g) = -3*g**2 + 11*g + 7. Let s(o) = l*x(o) - 2*c(o). Determine s(9).
-5
Let g(s) = -3*s**2 - 2. Let j(x) = -x**2 + x - 1. Let k(m) = -g(m) + 2*j(m). Let p be k(0). Let l(f) = -f + 1. Calculate l(p).
1
Suppose -359 = -6*m - 323. Let l(r) = r**2 - 5*r - 10. What is l(m)?
-4
Let f = -8 - 29. Let d = f - -65. Let i(s) = -s**3 + d*s - 3 - 4*s**2 + 19*s - 51*s. What is i(-4)?
13
Let s(k) = k**3 - 4*k**2 - k + 4. Suppose -3*y = 2*n - 20, 6*n = 3*n + 5*y - 8. Suppose -11 = -4*v + b, v + n*b + 2 - 9 = 0. Give s(v).
-8
Let z(d) = -d**3 - 11*d**2 + 3*d + 9. Let b be z(-11). Let k be (-38)/(-12) + 4/b. Let p(j) = -5*j + 1. Calculate p(k).
-14
Let p(a) = a + 1. Suppose 26 = -i + 31. Suppose 0 = i*l + 3*q - 25, -l + 4*q + q = -5. What is p(l)?
6
Let l(v) = v**3 + 9*v**2 + 3*v + 13. Let h be -26*(36/(-8))/9. Let i = h - 22. Calculate l(i).
-14
Suppose -12 - 24 = -2*s - 3*a, a = -4*s + 92. Suppose -5 = -3*u + 4*w, -5*u - 5*w - s = -79. Let n(g) = 5*g + 0 + u - 4. What is n(-2)?
-7
Let r(y) be the second derivative of -y**3/6 + y**2/2 + 21*y. Let h(i) = i**3 - 4*i**2 + 7*i - 6. Let n be h(4). Let v be 2/4 + n/4. Calculate r(v).
-5
Let z(d) = d**2 + 6*d + 3. Suppose 0 = 2*t, -20 = -4*a + 4*t + t. Suppose 3*w = -a*s + w + 81, -4*s = 5*w - 58. Suppose 3 = -4*b - s. Calculate z(b).
-2
Suppose 2*p = -s - 1, -4 = 5*p + 4*s - 3*s. Let r(m) = -13*m**3 - 2*m - 1. What is r(p)?
14
Suppose 40*c + 13 + 27 = 0. Let d(k) = -17*k**2 - 4*k - 3. Calculate d(c).
-16
Let m be (-114)/(-9)*3 + (-1 - -2). Suppose 45 = 3*d + m. Let t(k) = 2*k**2 - 2*k + 4. Let u(v) = -1. Let c(y) = t(y) + u(y). What is c(d)?
7
Let i(u) be the third derivative of u**4/24 - 11*u**3/6 + 5*u**2. Suppose 0 = 4*p + p. Let v be p/3 + (0 - 0). Calculate i(v).
-11
Let x(f) = 13*f**2 - 9*f + 2. Let g(q) = -11*q**2 + 9*q - 4. Let m(t) = 6*g(t) + 5*x(t). Give m(9).
-14
Let m be (4 + 0 + -3)*0. Let d(k) = k**2 - k + 5. What is d(m)?
5
Let h(f) = f**2 + 18*f + 64. Let w be h(-6). Let d(u) = -2*u - 15. Determine d(w).
1
Let o(v) be the third derivative of -v**5/60 + v**4/24 - 31*v**3/6 + 31*v**2. Let p(g) be the first derivative of o(g). Calculate p(-4).
9
Let v(d) be the third derivative of -d**5/10 - d**4/24 + d**3/3 + d**2. Suppose -2*z - 3*m + 33 = 37, -4*z - 8 = m. Give v(z).
-20
Let q = 19 - 22. Let b be 1/q*3*-1. Let g(a) = -3*a**2 + 4*a**2 - 3*a**3 - 7*a**3. Determine g(b).
-9
Let t(u) = 9*u**3 + 2*u**2 - 1. Let n = 56 - 57. Let g be t(n). Let k(s) = s**2 + 7*s. Give k(g).
8
Let u(y) be the first derivative of -y**3/3 - 2*y**2 + 7*y - 78. What is u(-6)?
-5
Let t(n) = 4*n - 8. Let w be ((-4)/6)/(8/(-72)). Let o be t(w). Let j(x) = -o + 4 + x**2 + 3*x**3 - 2*x**3. Determine j(0).
-12
Let y(b) be the second derivative of -b**5/4 + b**3/3 + b**2/2 - 2*b + 949. Let w = -3 + 2. Calculate y(w).
4
Let z(s) be the first derivative of -s**4/4 + 4*s**3 - 3*s**2/2 + 12*s + 42. Determine z(12).
-24
Let k(d) = -d + 10. Let r be (-1 - 4)*-1 + 4. Determine k(r).
1
Let u(s) be the third derivative of 21*s**2 + 0*s + 0 + 5/24*s**4 - 1/60*s**5 - 7/6*s**3. Calculate u(5).
-7
Let g(w) = 8*w**2 + 10*w + 9. Let k(q) = 5 + 6*q**2 + 3 + q**2 + 9*q. Let s(p) = 6*g(p) - 7*k(p). Calculate s(-3).
-2
Let c = -152 - -146. Let g(m) = 2*m - 2. Let k be g(3). Let j(d) = -4*d**2 - d + 5*d**2 + 7*d - k. Determine j(c).
-4
Let f(u) be the second derivative of -u**3/6 + 6*u**2 - u - 108. Determine f(5).
7
Let k(v) = -2*v - 5. Let h(f) = -f - 2. Let p(o) = 14*h(o) - 6*k(o). Let d be p(1). Suppose d = a - x - 2, 2*a - 3 = -x + 4. Let r(b) = 2*b - 1. Calculate r(a).
5
Let c(j) be the second derivative of -j**4/12 - 13*j**3/6 + 7*j**2 + 80*j. Determine c(-14).
0
Let a(r) be the third derivative of -r**5/60 + r**4/24 + 25*r**3/6 + 19*r**2 + 2. Calculate a(0).
25
Let i(z) = -5*z**2 + 2*z + 14. Let y(c) = -6*c**2 + c + 15. Suppose p + 25 = -4*h, 5 = p + 2*p - 4*h. Let b(f) = p*i(f) + 4*y(f). What is b(7)?
-3
Let w(a) = 6*a**3 - a**2 + 19*a + 3. Let v(b) = 5*b**3 + 16*b + 3. Let z(f) = -5*v(f) + 4*w(f). Determine z(-3).
0
Let k(t) = t**2 + 6*t + 6. Let b be k(-5). Let j(m) = m**3 + 2*m**2 - 1. Let g be j(b). Suppose 3*y = -4 - g. Let o(w) = w**3 + w**2 - 1. Calculate o(y).
-5
Let r(o) = o**3 - o**2 - o - 3. Let k be r(2). Let d(j) = 8*j**2 + 1. Calculate d(k).
9
Let w(c) be the first derivative of c**3/3 + 7*c**2/2 + 8*c - 257. What is w(-8)?
16
Let b be 0/4*2/(-4). Let x(l) be the first derivative of 1/2*l**2 + 1/4*l**4 + 3*l + 22 + 1/3*l**3. Determine x(b).
3
Let k(r) = -3*r**2 - 27*r - 25. Let x be k(-8). Let f(j) = -31*j**2 - 1. Determine f(x).
-32
Let o(u) = u**3 - 7*u**2 + 2*u - 10. Let j = -13 + 9. Let v be (-1)/j*4 - 22. Let k be v*(-4)/24*2. Determine o(k).
4
Suppose 37 = 4*c + c + 4*k, 5*k = 2*c + 5. Let r(m) = 2 - m**2 + 2 - c. Give r(2).
-5
Let q(c) = -7*c**2 + 3*c + 11. Let b(r) = -13*r**2 + 6*r + 21. Let n(m) = -6*b(m) + 11*q(m). Let x(k) = k + 4. Let z be x(2). Let o = z + -1. Calculate n(o).
5
Let m(h) be the third derivative of -h**5/120 - 5*h**4/8 - 2*h**3/3 + 4*h**2. Let u(d) be the first derivative of m(d). What is u(-8)?
-7
Let h(l) be the third derivative of 2/3*l**3 + 0 + 0*l + 1/120*l**6 + 1/60*l**5 - 1/24*l**4 + 15*l**2. Determine h(-3).
-11
Let b(q) be the third derivative of q**5/120 - q**4/6 - q**3/6 - q**2. Let l(i) be the first derivative of b(i). Suppose -23 + 43 = 4*o, 2*d = o + 5. Give l(d).
1
Let z(f) = -f**2 - 9*f - 11. Suppose 68 = 19*l + 201. Determine z(l).
3
Suppose 0 = -37*i + 41*i - 20. Let f(z) = 8*z**2 - i + 1 - 3*z - 7*z**2 - 1. Determine f(4).
-1
Suppose -n + 3 - 9 = 0. Let k(f) = -1. Let i(v) = 3*v - 8*v + 6 + 6*v. Let m(z) = i(z) + 2*k(z). Determine m(n).
-2
Let k(m) be the third derivative of 0*m